{"id":247,"date":"2015-04-02T20:27:56","date_gmt":"2015-04-02T18:27:56","guid":{"rendered":"http:\/\/motostefano.de\/?page_id=247"},"modified":"2016-11-14T10:15:38","modified_gmt":"2016-11-14T09:15:38","slug":"wir-suchen","status":"publish","type":"page","link":"https:\/\/motostefano.de\/?page_id=247","title":{"rendered":"Wir suchen"},"content":{"rendered":"<p style=\"text-align: justify;\">Verehrte Kundschaft, \u00fcber 30 Jahre haben wir und stets bem\u00fcht, Ihnen als leidenschaftlicher Sammler, die Garagen, Keller und Wohungen so zu f\u00fcllen, bis sich niemand mehr bewegen konnte. Jetzt sind wir auch gerne wieder behilflich Platz zu schaffen. Wollen Sie eines Ihrer alten St\u00fccke oder eine komplette Sammlung verkaufen, kommen Sie auf uns zu.<\/p>\n<p>Wir kennen den Markt &#8230;<\/p>\n","protected":false},"excerpt":{"rendered":"<p>Verehrte Kundschaft, \u00fcber 30 Jahre haben wir und stets bem\u00fcht, Ihnen als leidenschaftlicher Sammler, die Garagen, Keller und Wohungen so zu f\u00fcllen, bis sich niemand mehr bewegen konnte. Jetzt sind wir auch gerne wieder behilflich Platz zu schaffen. Wollen Sie &hellip; <a href=\"https:\/\/motostefano.de\/?page_id=247\">Weiterlesen <span class=\"meta-nav\">&rarr;<\/span><\/a><\/p>\n","protected":false},"author":1,"featured_media":0,"parent":0,"menu_order":0,"comment_status":"closed","ping_status":"closed","template":"","meta":{"footnotes":""},"_links":{"self":[{"href":"https:\/\/motostefano.de\/index.php?rest_route=\/wp\/v2\/pages\/247"}],"collection":[{"href":"https:\/\/motostefano.de\/index.php?rest_route=\/wp\/v2\/pages"}],"about":[{"href":"https:\/\/motostefano.de\/index.php?rest_route=\/wp\/v2\/types\/page"}],"author":[{"embeddable":true,"href":"https:\/\/motostefano.de\/index.php?rest_route=\/wp\/v2\/users\/1"}],"replies":[{"embeddable":true,"href":"https:\/\/motostefano.de\/index.php?rest_route=%2Fwp%2Fv2%2Fcomments&post=247"}],"version-history":[{"count":4,"href":"https:\/\/motostefano.de\/index.php?rest_route=\/wp\/v2\/pages\/247\/revisions"}],"predecessor-version":[{"id":1173,"href":"https:\/\/motostefano.de\/index.php?rest_route=\/wp\/v2\/pages\/247\/revisions\/1173"}],"wp:attachment":[{"href":"https:\/\/motostefano.de\/index.php?rest_route=%2Fwp%2Fv2%2Fmedia&parent=247"}],"curies":[{"name":"wp","href":"https:\/\/api.w.org\/{rel}","templated":true}]}}